2703?
3, 13, 2377
List the prime factors of 4594.
2, 2297
What are the prime factors of 9446?
2, 4723
List the prime factors of 2640.
2, 3, 5, 11
What are the prime factors of 249?
3, 83
What are the prime factors of 10979?
10979
List the prime factors of 229.
229
What are the prime factors of 7593?
3, 2531
What are the prime factors of 1756?
2, 439
What are the prime factors of 2727?
3, 101
List the prime factors of 7472.
2, 467
What are the prime factors of 545?
5, 109
List the prime factors of 482.
2, 241
What are the prime factors of 121779?
3, 7, 1933
What are the prime factors of 1286?
2, 643
What are the prime factors of 106444?
2, 13, 23, 89
List the prime factors of 74701.
11, 6791
What are the prime factors of 522?
2, 3, 29
List the prime factors of 291.
3, 97
What are the prime factors of 684?
2, 3, 19
List the prime factors of 13147.
13147
What are the prime factors of 88145?
5, 17, 61
List the prime factors of 705.
3, 5, 47
List the prime factors of 4794.
2, 3, 17, 47
What are the prime factors of 626?
2, 313
List the prime factors of 14716.
2, 13, 283
What are the prime factors of 1444?
2, 19
List the prime factors of 13890.
2, 3, 5, 463
List the prime factors of 16534.
2, 7, 1181
List the prime factors of 24183.
3, 2687
What are the prime factors of 7722?
2, 3, 11, 13
What are the prime factors of 38?
2, 19
List the prime factors of 30634.
2, 17, 53
What are the prime factors of 11087?
11087
List the prime factors of 7956.
2, 3, 13, 17
What are the prime factors of 2992?
2, 11, 17
List the prime factors of 4118.
2, 29, 71
List the prime factors of 14012.
2, 31, 113
List the prime factors of 21147.
3, 7, 19, 53
List the prime factors of 147198.
2, 3, 24533
What are the prime factors of 104?
2, 13
What are the prime factors of 88898?
2, 44449
What are the prime factors of 1369?
37
List the prime factors of 8355.
3, 5, 557
List the prime factors of 61491.
3, 103, 199
What are the prime factors of 30168?
2, 3, 419
List the prime factors of 3047.
11, 277
List the prime factors of 342.
2, 3, 19
What are the prime factors of 9328?
2, 11, 53
List the prime factors of 5208.
2, 3, 7, 31
What are the prime factors of 10699?
13, 823
List the prime factors of 456.
2, 3, 19
What are the prime factors of 66758?
2, 29, 1151
What are the prime factors of 433?
433
What are the prime factors of 1760?
2, 5, 11
What are the prime factors of 8624?
2, 7, 11
List the prime factors of 2068.
2, 11, 47
What are the prime factors of 719?
719
What are the prime factors of 20822?
2, 29, 359
What are the prime factors of 21496?
2, 2687
What are the prime factors of 1740?
2, 3, 5, 29
What are the prime factors of 4133?
4133
List the prime factors of 554.
2, 277
List the prime factors of 22253.
7, 11, 17
What are the prime factors of 57166?
2, 101, 283
List the prime factors of 520.
2, 5, 13
What are the prime factors of 30?
2, 3, 5
List the prime factors of 59819.
41, 1459
List the prime factors of 68215.
5, 7, 1949
What are the prime factors of 34245?
3, 5, 761
List the prime factors of 3750.
2, 3, 5
What are the prime factors of 8612?
2, 2153
What are the prime factors of 21488?
2, 17, 79
What are the prime factors of 58048?
2, 907
List the prime factors of 663.
3, 13, 17
List the prime factors of 9913.
23, 431
What are the prime factors of 436?
2, 109
List the prime factors of 40700.
2, 5, 11, 37
What are the prime factors of 3612?
2, 3, 7, 43
List the prime factors of 12683.
11, 1153
List the prime factors of 117076.
2, 29269
List the prime factors of 1858.
2, 929
What are the prime factors of 6758?
2, 31, 109
List the prime factors of 39911.
107, 373
What are the prime factors of 987?
3, 7, 47
List the prime factors of 1686.
2, 3, 281
What are the prime factors of 6535?
5, 1307
List the prime factors of 1316.
2, 7, 47
What are the prime factors of 40980?
2, 3, 5, 683
List the prime factors of 85174.
2, 37, 1151
What are the prime factors of 2665?
5, 13, 41
What are the prime factors of 1989?
3, 13, 17
List the prime factors of 78749.
11, 7159
What are the prime factors of 1534?
2, 13, 59
List the prime factors of 1866.
2, 3, 311
List the prime factors of 2406.
2, 3, 401
List the prime factors of 50837.
29, 1753
List the prime factors of 1738.
2, 11, 79
List the prime factors of 14676.
2, 3, 1223
What are the prime factors of 5793?
3, 1931
List the prime factors of 8363.
8363
List the prime factors of 315.
3, 5, 7
What are the prime factors of 933?
3, 311
What are the prime factors of 2231?
23, 97
What are the prime factors of 3276?
2, 3, 7, 13
List the prime factors of 32878.
2, 17, 967
List the prime factors of 24549.
3, 7, 167
What are the prime factors of 6069?
3, 7, 17
What are the prime factors of 1879?
1879
List the prime factors of 83.
83
What are the prime factors of 16124?
2, 29, 139
List the prime factors of 9451.
13, 727
List the prime factors of 6194.
2, 19, 163
What are the prime factors of 90440?
2, 5, 7, 17, 19
What are the prime factors of 1092?
2, 3, 7, 13
List the prime factors of 51389.
13, 59, 67
List the prime factors of 1705.
5, 11, 31
What are the prime factors of 1536?
2, 3
What are the prime factors of 1711?
29, 59
What are the prime factors of 2064?
2, 3, 43
List the prime factors of 1613.
1613
List the prime factors of 14047.
11, 1277
List the prime factors of 96434.
2, 13, 3709
List the prime factors of 6707.
19, 353
What are the prime factors of 717?
3, 239
What are the prime factors of 57254?
2, 28627
What are the prime factors of 354?
2, 3, 59
What are the prime factors of 6873?
3, 29, 79
List the prime factors of 45.
3, 5
List the prime factors of 25304.
2, 3163
List the prime factors of 10514.
2, 7, 751
What are the prime factors of 4227?
3, 1409
List the prime factors of 61769.
19, 3251
List the prime factors of 3329.
3329
List the prime factors of 27190.
2, 5, 2719
List the prime factors of 2024.
2, 11, 23
List the prime factors of 65.
5, 13
List the prime factors of 3172.
2, 13, 61
What are the prime factors of 1718?
2, 859
What are the prime factors of 2876?
2, 719
What are the prime factors of 18583?
18583
What are the prime factors of 34349?
7, 701
List the prime factors of 5296.
2, 331
What are the prime factors of 240?
2, 3, 5
List the prime factors of 582.
2, 3, 97
What are the prime factors of 545?
5, 109
List the prime factors of 17696.
2, 7, 79
What are the prime factors of 24487?
47, 521
List the prime factors of 36388.
2, 11, 827
What are the prime factors of 54?
2, 3
What are the prime factors of 2549?
2549
What are the prime factors of 20485?
5, 17, 241
What are the prime factors of 26200?
2, 5, 131
List the prime factors of 189462.
2, 3, 7, 13, 347
List the prime factors of 377.
13, 29
What are the prime factors of 2348?
2, 587
List the prime factors of 19984.
2, 1249
List the prime factors of 4853.
23, 211
List the prime factors of 1869.
3, 7, 89
What are the prime factors of 839?
839
What are the prime factors of 7532?
2, 7, 269
What are the prime factors of 3858?
2, 3, 643
What are the prime factors of 939?
3, 313
What are the prime factors of 26137?
59, 443
What are the prime factors of 1080?
2, 3, 5
List the prime factors of 26449.
26449
What are the prime factors of 6061?
11, 19, 29
List the prime factors of 121022.
2, 11, 5501
What are the prime factors of 2262?
2, 3, 13, 29
What are the prime factors of 5207?
41, 127
What are the prime factors of 3510?
2, 3, 5, 13
What are the prime factors of 1674?
2, 3, 31
List the prime factors of 11451.
3, 11, 347
List the prime factors of 27562.
2, 13781
List the prime factors of 7063.
7, 1009
What are the prime factors of 1327?
1327
What are the prime factors of 2742?
2, 3, 457
What are the prime factors of 1580?
2, 5, 79
What are the prime factors of 6459?
3, 2153
List the prime factors of 7975.
5, 11, 29
List the prime factors of 50072.
2, 11, 569
What are the prime factors of 560?
2, 5, 7
List the prime factors of 106992.
2, 3, 743
What are the prime factors of 660?
2, 3, 5, 11
What are the prime factors of 143?
11, 13
List the prime factors of 62366.
2, 31183
What are the prime factors of 17214?
2, 3, 19, 151
List the prime factors of 107608.
2, 13451
List the prime factors of 92217.
3, 59, 521
What are the prime factors of 16747?
16747
List the prim